 common divisor of l and 169?
13
Suppose -14*h + 2088 + 26 = 308. What is the greatest common factor of 4128 and h?
129
Suppose -27*a - 60 = -39*a. Let g = 112 - 87. What is the highest common divisor of g and a?
5
Suppose -16*k = -30*k + 154. Let v be (-80)/(-8)*(-1)/(-2). Suppose v*b - 5*x = 455, 0 = 3*b - 4*b + 5*x + 103. What is the greatest common divisor of k and b?
11
Suppose -3*y + 3*o - 9 = 0, y - 3*o + 11 = -0*o. Let f be (y + -2)*5 + 75. Calculate the highest common factor of f and 98.
14
Suppose 63*v - 86*v + 644 = 0. Let c be (-56)/(-10)*(3 + 52). What is the greatest common divisor of v and c?
28
Let g(n) = -2*n**2 - 37*n + 21. Let p be g(-17). Suppose 0 = 2*a - 2*x - p, 4*a - 132 = -x + 2*x. Calculate the greatest common divisor of a and 176.
16
Let s = 4 - 0. Let b = -6 - 39. Let w be (44/(-55))/(3/(b/2)). What is the highest common divisor of w and s?
2
Suppose h = 5*h. Suppose -4*b - b + 5*d = -600, 2*b - 5*d - 237 = h. Suppose 43*r - 67 + 20 - 426 = 0. What is the highest common factor of b and r?
11
Suppose -11 + 18 = c. Suppose 5*t - 36 - 46 = -3*r, -6 = -t + 2*r. Calculate the greatest common factor of c and t.
7
Suppose 5*w - 2*c - 8 - 7 = 0, 6*w + 2*c = 18. Suppose -w*o = 4*l - 3444, 0 = 4*l + 2*o - 1153 - 2287. What is the greatest common factor of 132 and l?
66
Let k = 524 - 499. Suppose 5*p - k = 0, 14*g = 11*g - p + 302. What is the highest common divisor of 66 and g?
33
Let u(m) = 7*m**2 + 153*m + 56. Let a be u(-23). Suppose 0 = 2*w, -7*d - 3*w + 96 = -3*d. What is the highest common factor of d and a?
24
Suppose -16*o = 2*o - 4554. What is the greatest common factor of 161 and o?
23
Let x be 2/(-10)*12/(-4) + (-1551)/(-165). Suppose 5*p - 3*l + 10 = 0, -5*l + 20 = -p - 4. Calculate the highest common divisor of x and p.
1
Let u be -2 - ((-56944)/40)/((-2)/(-10)). Calculate the highest common divisor of u and 12.
12
Suppose 0*q - 2*z + 2346 = 3*q, 0 = -2*q - z + 1563. What is the highest common divisor of q and 870?
30
Let v be -56*((-1)/4 - (-1)/(-4)). Let b be 0 + 4 - (-148)/37. What is the greatest common factor of v and b?
4
Suppose -21831 = 52*o - 95151. Calculate the greatest common factor of 1269 and o.
141
Let y(r) = 1081*r + 1128. Let u be y(4). What is the highest common divisor of 116 and u?
116
Let l = -2 - -7. Let c be 39/18*3 - l/10. Suppose -3*t + 9 = -9. Calculate the greatest common factor of t and c.
6
Suppose 4*c + 70 = 3*k, 7*k - 2*k - 170 = -4*c. Let a(v) = 11*v - 4. Let m be a(4). What is the greatest common divisor of k and m?
10
Let f be 4 + (130/(-39) - (-208)/12). Calculate the highest common divisor of f and 1434.
6
Let i(c) = -22*c - 1102. Let p be i(-52). Calculate the highest common factor of p and 525.
21
Let y = -571 + 555. Let r be (-2644)/(-30) + y/120. What is the greatest common divisor of 8 and r?
8
Let t be 18/(-4)*(-16 + 12). Suppose f = t*f - 3995. Suppose -7*n + f = 46. What is the highest common factor of 3 and n?
3
Let j(h) = 27*h + 7. Let w be j(4). Let l = 1047 - 1024. What is the highest common factor of l and w?
23
Let b(f) = 36*f - 687. Let c(i) = 7*i - 138. Let w(o) = -5*b(o) + 24*c(o). Let l be w(-10). Calculate the greatest common divisor of l and 27.
27
Suppose 0 = -4*s + 2*a + 1618, -5*a - 1668 = -7*s + 1156. Let t be 110 + (-1)/(0 + -1). What is the greatest common divisor of t and s?
37
Suppose 3*j - 5*j + 2*l = 608, 2*j + 617 = 5*l. Let u = -151 - j. Calculate the greatest common divisor of u and 60.
30
Let s = -84 - -88. Let n(q) be the first derivative of -q**4/4 - q**3 + q**2/2 - 8*q - 39. Let c be n(-4). Calculate the highest common factor of c and s.
4
Suppose n + 16 - 11 = 0. Let r be 4/n + 311/(-5). Let f = r + 77. Calculate the greatest common factor of f and 7.
7
Let t(w) = 79*w + 60. Let c be t(8). Let x = c - 604. Suppose 0 = -p + 3*p - 4*q - 36, 0 = -2*p + q + 42. What is the greatest common factor of p and x?
22
Suppose 99 = -17*w + 6*w. Let k be (9 + -42)*(3 - (-105)/w). Calculate the highest common divisor of 22 and k.
22
Let u(k) = -2*k**2 + 4*k + 14. Let r(h) = 2*h**2 - 4*h - 14. Let m(f) = -5*r(f) - 6*u(f). Let c be m(4). Calculate the highest common divisor of c and 11.
1
Let f = 109 + -107. Let d be 2 - (-1)/f*446. Calculate the highest common divisor of d and 9.
9
Let t(m) = 4*m**2 - 48*m - 1132. Let k be t(-23). Calculate the highest common factor of k and 72.
72
Let l be -5 - -6*(7 + -4). Let r(s) = -6*s + 57. Let f be r(l). Let u be ((-1)/(-1) + f)*(-128)/160. Calculate the highest common factor of u and 24.
8
Let g(j) = 4*j**3 - 7*j**2 + 3*j - 5. Let s be g(6). Let k = -13579 - -13604. Calculate the highest common divisor of s and k.
25
Let b = 43 + -31. Let j = -96 + 65. Let a = j + 91. What is the greatest common divisor of a and b?
12
Let d(l) = 15 + 4 - 6*l + l + 6*l. Suppose 24 = 2*g + 6. Let h be d(g). What is the highest common divisor of h and 140?
28
Let j(l) = 43*l + 9. Suppose 0 = -5*a + 6*a - 9. Let z be j(a). What is the greatest common divisor of z and 44?
44
Let m(v) = v**3 - 28*v**2 + 27*v - 642. Let z be m(28). What is the highest common divisor of 4750 and z?
38
Let o be (-174)/(-232) - 1450/(-8). What is the highest common divisor of o and 4823?
91
Suppose 283*q - 72*q - 4642 = 0. Calculate the greatest common factor of q and 22.
22
Let w be (2/8)/(141/31020). Suppose 4*b = -2*v + 90, -3*b = -0*v + v - 67. What is the greatest common factor of b and w?
11
Let v(z) = -z**3 - 11*z**2 + 10*z. Let u be v(-12). Let r(f) = 5*f**2 - 2*f + 56. Let h be r(0). Calculate the highest common divisor of h and u.
8
Let s be ((-16)/3)/((-21)/54) + (-350)/(-1225). Let a = 634 - 256. Suppose -y = 2*y - a. What is the highest common factor of y and s?
14
Let i = 10 - 10. Let g = -49 + 190. Suppose -5*x - 46 + g = i. What is the greatest common divisor of 209 and x?
19
Let l = -1148 - -676. Let j = 4 - l. Let w = -307 + j. What is the greatest common divisor of 13 and w?
13
Let z be 449/(-2 + (-20)/(-8)). Let i = 352 - 347. Suppose -i*q + 3*c + 897 = 0, 0*q + 5*q - 2*c = z. Calculate the greatest common factor of q and 36.
36
Let u(y) = 3*y**3 + 5*y**2 + 32*y - 24. Let n be u(5). Calculate the highest common divisor of n and 84.
12
Suppose -171 = -4*f + 3*t + 233, 2*f = -3*t + 184. Suppose -f + 758 = 3*v. Calculate the highest common factor of v and 88.
44
Let i = -4093 + 10220. Calculate the greatest common divisor of 11 and i.
11
Let m(g) = -3*g + 2. Let i be m(-3). Let z(x) = 5*x + 40. Let h be z(-9). Let p = i + h. What is the highest common factor of 54 and p?
6
Let p be 49350/195 - ((-98)/(-196))/(26/4). Let j be (-46)/4*(-2 - 0). What is the highest common factor of j and p?
23
Let k be (-8)/(-10) + (-99)/(-45). Suppose -21*l = -20*l - k. Calculate the highest common divisor of l and 3.
3
Let m = -2939 + 4055. Calculate the highest common divisor of m and 19344.
372
Let v be (2 + -2)/(2 + -3). Let y = 25 - 5. Let f be 11/4 - (-5)/y - v. What is the greatest common factor of f and 27?
3
Let a be -5 - 2 - 2125/(0 - 5). Calculate the highest common factor of 22 and a.
22
Let w be (6 + -12)*((-7)/((-84)/(-102)) + 4). Calculate the highest common divisor of 144 and w.
9
Let w be 1/1 + 4 + -2. Suppose -4*o - w*g = 126 - 441, -339 = -4*o + 5*g. Calculate the highest common divisor of 9 and o.
9
Let u(s) = -49*s - 1. Let y be u(-3). Let v be ((-54)/7*-4)/(((-27)/14)/(-9)). Suppose y*m - 28 = v*m. What is the highest common divisor of 98 and m?
14
Suppose 5*j - 113 = -3*z + 187, -j = -z - 60. Suppose -2*c = 5*t - 545, 6*c - 4*c - 572 = 4*t. What is the highest common divisor of c and j?
20
Suppose 0 = -v + 9 + 7. Let x be 20 + -21 + 45/3. Suppose 72 = -x*j + 23*j. Calculate the greatest common divisor of j and v.
8
Let x(l) = -414*l + 597. Let a be x(-2). What is the greatest common divisor of a and 125?
25
Let h(n) = 35*n - 120. Let p be h(5). Suppose 0 = -3*a + 4*i + 27, 5*a = -2*i - 4 + 23. Calculate the greatest common factor of a and p.
5
Suppose -5*q + 3*z = -8*q, 4*q + 8 = 4*z. Let b be (-1 + 1/q)*(-78)/78. Let o be (7/(-3))/((-2)/12). Calculate the greatest common divisor of o and b.
2
Let y be 3/(-1) - (-867)/(-3). Let s = -224 - y. What is the highest common factor of s and 544?
68
Let p = -15 + 3. Let d be ((-8)/p)/((-1)/